{"id":1410,"date":"2026-01-02T21:06:00","date_gmt":"2026-01-02T21:06:00","guid":{"rendered":"https:\/\/kinoxa.store\/?post_type=product&#038;p=1410"},"modified":"2026-01-02T23:03:10","modified_gmt":"2026-01-02T23:03:10","slug":"conservador-de-congelados-1-puerta-solida-asber-arf-17-hc","status":"publish","type":"product","link":"https:\/\/kinoxa.com.mx\/?product=conservador-de-congelados-1-puerta-solida-asber-arf-17-hc","title":{"rendered":"Conservador de Congelados 1 Puerta S\u00f3lida Asber ARF-17 HC"},"content":{"rendered":"<p><span data-sheets-root=\"1\">Conservador de Congelados 1 Puerta S\u00f3lida Asber ARF-17 HC<br \/>\nCONSTRUCCION<br \/>\nConstrucci\u00f3n exterior e interior en acero inoxidable, excepto respaldo.<br \/>\nInteriores con cantos sanitarios que cumplen con los requerimientos NSF-7 para la seguridad alimenticia.<br \/>\nAislamiento de poliuretano inyectado de 50 mm de espesor y 40 Kg.\/m\u00b3 de densidad, sin CFC.<br \/>\nIluminaci\u00f3n interior con luz de LED.<\/span><\/p>\n<p><!--more-->PUERTAS<br \/>\nPuertas s\u00f3lidas o de cristal:<br \/>\nPaneles s\u00f3lidos con contrapuertas en acero inoxidable.<br \/>\nPaneles de cristal triples + filtro Low-e con gas arg\u00f3n.<br \/>\nSellos de puertas magn\u00e9ticos f\u00e1cilmente removibles (sin herramientas).<br \/>\nPuertas abatibles con dispositivo de cierre autom\u00e1tico en apertura de menos de 90\u00b0 para evitar la p\u00e9rdida de temperatura.<br \/>\nPuertas con dispositivo de apertura permanente a 120\u00b0 para facilitar la carga y descarga de producto.<br \/>\nCerraduras con llaves maestras.<\/p>\n<p>SISTEMA DE REFRIGERACION<br \/>\nSistema de refrigeraci\u00f3n de tiro forzado, gas refrigerante ecol\u00f3gico R290.<br \/>\nCompresores herm\u00e9ticos con condensadores ventilados.<br \/>\nCondensador con motor electr\u00f3nico de doble giro autom\u00e1tico, el cual evita la acumulaci\u00f3n de polvo durante la operaci\u00f3n del equipo, favoreciendo el bajo mantenimiento.<br \/>\nEvaporadores de tubo de cobre y aletas de aluminio con recubrimiento ep\u00f3xico.<br \/>\nEvaporaci\u00f3n autom\u00e1tica del agua de deshielo.<br \/>\nControles electr\u00f3nicos de temperatura y de deshielo con visores digitales.<br \/>\nTemperatura de trabajo: -18 \u00b0C a -22 \u00b0C en ambiente externo de 32 \u00b0C y 65% de H.R.<\/p>\n<p>DOTACION<br \/>\nParrillas con recubrimiento ep\u00f3xico, ajustables en altura.<br \/>\nIncluyen cable y clavija Nema 5-15P.<\/p>\n<p>MODELOS \u201c17\u201d<br \/>\nPuerta reversible, intercambiable en campo.<br \/>\nKit de (4) ruedas de 3\u201d de di\u00e1metro, de las cuales las 2 frontales llevan freno.<br \/>\nPuertas: 1 Parrillas: 3 Capacidad: 17.0 Amperaje: 5.0 Medidas: 700 x 679 x 1959<\/p>\n","protected":false},"excerpt":{"rendered":"<p><span data-sheets-root=\"1\">Conservador de Congelados 1 Puerta S\u00f3lida Asber ARF-17 HC<br \/>\nCONSTRUCCION<br \/>\nConstrucci\u00f3n exterior e interior en acero inoxidable, excepto respaldo.<br \/>\nInteriores con cantos sanitarios que cumplen con los requerimientos NSF-7 para la seguridad alimenticia.<br \/>\nAislamiento de poliuretano inyectado de 50 mm de espesor y 40 Kg.\/m\u00b3 de densidad, sin CFC.<br \/>\nIluminaci\u00f3n interior con luz de LED.<\/span><\/p>\n<p>PUERTAS<br \/>\nPuertas s\u00f3lidas o de cristal:<br \/>\nPaneles s\u00f3lidos con contrapuertas en acero inoxidable.<br \/>\nPaneles de cristal triples + filtro Low-e con gas arg\u00f3n.<br \/>\nSellos de puertas magn\u00e9ticos f\u00e1cilmente removibles (sin herramientas).<br \/>\nPuertas abatibles con dispositivo de cierre autom\u00e1tico en apertura de menos de 90\u00b0 para evitar la p\u00e9rdida de temperatura.<br \/>\nPuertas con dispositivo de apertura permanente a 120\u00b0 para facilitar la carga y descarga de producto.<br \/>\nCerraduras con llaves maestras.<\/p>\n<p>SISTEMA DE REFRIGERACION<br \/>\nSistema de refrigeraci\u00f3n de tiro forzado, gas refrigerante ecol\u00f3gico R290.<br \/>\nCompresores herm\u00e9ticos con condensadores ventilados.<br \/>\nCondensador con motor electr\u00f3nico de doble giro autom\u00e1tico, el cual evita la acumulaci\u00f3n de polvo durante la operaci\u00f3n del equipo, favoreciendo el bajo mantenimiento.<br \/>\nEvaporadores de tubo de cobre y aletas de aluminio con recubrimiento ep\u00f3xico.<br \/>\nEvaporaci\u00f3n autom\u00e1tica del agua de deshielo.<br \/>\nControles electr\u00f3nicos de temperatura y de deshielo con visores digitales.<br \/>\nTemperatura de trabajo: -18 \u00b0C a -22 \u00b0C en ambiente externo de 32 \u00b0C y 65% de H.R.<\/p>\n<p>DOTACION<br \/>\nParrillas con recubrimiento ep\u00f3xico, ajustables en altura.<br \/>\nIncluyen cable y clavija Nema 5-15P.<\/p>\n<p>MODELOS \u201c17\u201d<br \/>\nPuerta reversible, intercambiable en campo.<br \/>\nKit de (4) ruedas de 3\u201d de di\u00e1metro, de las cuales las 2 frontales llevan freno.<br \/>\nPuertas: 1 Parrillas: 3 Capacidad: 17.0 Amperaje: 5.0 Medidas: 700 x 679 x 1959<\/p>\n","protected":false},"featured_media":1411,"comment_status":"open","ping_status":"closed","template":"","meta":{"_acf_changed":false},"product_brand":[95],"product_cat":[92],"product_tag":[],"class_list":{"0":"post-1410","1":"product","2":"type-product","3":"status-publish","4":"has-post-thumbnail","6":"product_brand-asber","7":"product_cat-congeladores","9":"first","10":"instock","11":"downloadable","12":"taxable","13":"shipping-taxable","14":"purchasable","15":"product-type-simple"},"acf":[],"_links":{"self":[{"href":"https:\/\/kinoxa.com.mx\/index.php?rest_route=\/wp\/v2\/product\/1410","targetHints":{"allow":["GET"]}}],"collection":[{"href":"https:\/\/kinoxa.com.mx\/index.php?rest_route=\/wp\/v2\/product"}],"about":[{"href":"https:\/\/kinoxa.com.mx\/index.php?rest_route=\/wp\/v2\/types\/product"}],"replies":[{"embeddable":true,"href":"https:\/\/kinoxa.com.mx\/index.php?rest_route=%2Fwp%2Fv2%2Fcomments&post=1410"}],"version-history":[{"count":4,"href":"https:\/\/kinoxa.com.mx\/index.php?rest_route=\/wp\/v2\/product\/1410\/revisions"}],"predecessor-version":[{"id":1415,"href":"https:\/\/kinoxa.com.mx\/index.php?rest_route=\/wp\/v2\/product\/1410\/revisions\/1415"}],"wp:featuredmedia":[{"embeddable":true,"href":"https:\/\/kinoxa.com.mx\/index.php?rest_route=\/wp\/v2\/media\/1411"}],"wp:attachment":[{"href":"https:\/\/kinoxa.com.mx\/index.php?rest_route=%2Fwp%2Fv2%2Fmedia&parent=1410"}],"wp:term":[{"taxonomy":"product_brand","embeddable":true,"href":"https:\/\/kinoxa.com.mx\/index.php?rest_route=%2Fwp%2Fv2%2Fproduct_brand&post=1410"},{"taxonomy":"product_cat","embeddable":true,"href":"https:\/\/kinoxa.com.mx\/index.php?rest_route=%2Fwp%2Fv2%2Fproduct_cat&post=1410"},{"taxonomy":"product_tag","embeddable":true,"href":"https:\/\/kinoxa.com.mx\/index.php?rest_route=%2Fwp%2Fv2%2Fproduct_tag&post=1410"}],"curies":[{"name":"wp","href":"https:\/\/api.w.org\/{rel}","templated":true}]}}