{"id":1473,"date":"2026-01-02T22:41:08","date_gmt":"2026-01-02T22:41:08","guid":{"rendered":"https:\/\/kinoxa.store\/?post_type=product&#038;p=1473"},"modified":"2026-01-02T22:41:08","modified_gmt":"2026-01-02T22:41:08","slug":"cafetera-super-automatica-franke-a800","status":"publish","type":"product","link":"https:\/\/kinoxa.com.mx\/?product=cafetera-super-automatica-franke-a800","title":{"rendered":"Cafetera Super Automatica Franke  A800"},"content":{"rendered":"<p><span data-sheets-root=\"1\">Cafetera Super Automatica Franke A800<\/p>\n<p>Hay innumerables formas de reinventar el caf\u00e9 y esta es exactamente la raz\u00f3n por la que se cre\u00f3 el A800. Puede perfeccionar cualquier bebida que puedas desear. Pero hay m\u00e1s en el A800 que eso: su capacidad para ofrecer un rendimiento sin concesiones tambi\u00e9n es parte del paquete.<\/p>\n<p>El FoamMaster\u2122, est\u00e1ndar en el A800, es la clave para una variedad virtualmente ilimitada de bebidas especiales de caf\u00e9 y leche llenas de sabor.<\/p>\n<p>La A800 est\u00e1 dise\u00f1ado para manejar r\u00e1pidamente grandes cantidades de pedidos. En manos de un operador creativo, ofrece un rendimiento superior y puede satisfacer todos los deseos de bebidas imaginables gracias a su tecnolog\u00eda integrada FoamMaster<br \/>\nObt\u00e9n m\u00e1s sabor directo de los granos de caf\u00e9.<br \/>\n\u2013Define y programa el tipo de bebida.<br \/>\n\u2013Asegura consistencia en cada taza.<br \/>\n\u2013Variedad de bebidas de primera calidad.<br \/>\n\u2013Modularidad y flexibilidad.<br \/>\n\u2013M\u00e1xima higiene y limpieza totalmente autom\u00e1tica<br \/>\n\u2013Pantalla t\u00e1ctil<br \/>\n\u2013220 Voltios<\/span><\/p>\n","protected":false},"excerpt":{"rendered":"<p><span data-sheets-root=\"1\">Cafetera Super Automatica Franke A800<\/p>\n<p>Hay innumerables formas de reinventar el caf\u00e9 y esta es exactamente la raz\u00f3n por la que se cre\u00f3 el A800. Puede perfeccionar cualquier bebida que puedas desear. Pero hay m\u00e1s en el A800 que eso: su capacidad para ofrecer un rendimiento sin concesiones tambi\u00e9n es parte del paquete.<\/p>\n<p>El FoamMaster\u2122, est\u00e1ndar en el A800, es la clave para una variedad virtualmente ilimitada de bebidas especiales de caf\u00e9 y leche llenas de sabor.<\/p>\n<p>La A800 est\u00e1 dise\u00f1ado para manejar r\u00e1pidamente grandes cantidades de pedidos. En manos de un operador creativo, ofrece un rendimiento superior y puede satisfacer todos los deseos de bebidas imaginables gracias a su tecnolog\u00eda integrada FoamMaster<br \/>\nObt\u00e9n m\u00e1s sabor directo de los granos de caf\u00e9.<br \/>\n\u2013Define y programa el tipo de bebida.<br \/>\n\u2013Asegura consistencia en cada taza.<br \/>\n\u2013Variedad de bebidas de primera calidad.<br \/>\n\u2013Modularidad y flexibilidad.<br \/>\n\u2013M\u00e1xima higiene y limpieza totalmente autom\u00e1tica<br \/>\n\u2013Pantalla t\u00e1ctil<br \/>\n\u2013220 Voltios<\/span><\/p>\n","protected":false},"featured_media":1474,"comment_status":"open","ping_status":"closed","template":"","meta":{"_acf_changed":false},"product_brand":[117],"product_cat":[116],"product_tag":[118],"class_list":{"0":"post-1473","1":"product","2":"type-product","3":"status-publish","4":"has-post-thumbnail","6":"product_brand-franke","7":"product_cat-cafeteras","8":"product_tag-cafeteria","10":"first","11":"instock","12":"taxable","13":"shipping-taxable","14":"purchasable","15":"product-type-simple"},"acf":[],"_links":{"self":[{"href":"https:\/\/kinoxa.com.mx\/index.php?rest_route=\/wp\/v2\/product\/1473","targetHints":{"allow":["GET"]}}],"collection":[{"href":"https:\/\/kinoxa.com.mx\/index.php?rest_route=\/wp\/v2\/product"}],"about":[{"href":"https:\/\/kinoxa.com.mx\/index.php?rest_route=\/wp\/v2\/types\/product"}],"replies":[{"embeddable":true,"href":"https:\/\/kinoxa.com.mx\/index.php?rest_route=%2Fwp%2Fv2%2Fcomments&post=1473"}],"version-history":[{"count":1,"href":"https:\/\/kinoxa.com.mx\/index.php?rest_route=\/wp\/v2\/product\/1473\/revisions"}],"predecessor-version":[{"id":1475,"href":"https:\/\/kinoxa.com.mx\/index.php?rest_route=\/wp\/v2\/product\/1473\/revisions\/1475"}],"wp:featuredmedia":[{"embeddable":true,"href":"https:\/\/kinoxa.com.mx\/index.php?rest_route=\/wp\/v2\/media\/1474"}],"wp:attachment":[{"href":"https:\/\/kinoxa.com.mx\/index.php?rest_route=%2Fwp%2Fv2%2Fmedia&parent=1473"}],"wp:term":[{"taxonomy":"product_brand","embeddable":true,"href":"https:\/\/kinoxa.com.mx\/index.php?rest_route=%2Fwp%2Fv2%2Fproduct_brand&post=1473"},{"taxonomy":"product_cat","embeddable":true,"href":"https:\/\/kinoxa.com.mx\/index.php?rest_route=%2Fwp%2Fv2%2Fproduct_cat&post=1473"},{"taxonomy":"product_tag","embeddable":true,"href":"https:\/\/kinoxa.com.mx\/index.php?rest_route=%2Fwp%2Fv2%2Fproduct_tag&post=1473"}],"curies":[{"name":"wp","href":"https:\/\/api.w.org\/{rel}","templated":true}]}}